{"id":7604,"date":"2021-09-08T18:53:48","date_gmt":"2021-09-08T16:53:48","guid":{"rendered":"https:\/\/bpm.wrotamazowsza.pl\/katalogi-biblioteczne\/"},"modified":"2024-01-26T11:34:59","modified_gmt":"2024-01-26T10:34:59","slug":"%d0%b1%d1%96%d0%b1%d0%bb%d1%96%d0%be%d1%82%d0%b5%d1%87%d0%bd%d1%96-%d0%ba%d0%b0%d1%82%d0%b0%d0%bb%d0%be%d0%b3%d0%b8","status":"publish","type":"page","link":"https:\/\/bpm.wrotamazowsza.pl\/uk\/%d0%b1%d1%96%d0%b1%d0%bb%d1%96%d0%be%d1%82%d0%b5%d1%87%d0%bd%d1%96-%d0%ba%d0%b0%d1%82%d0%b0%d0%bb%d0%be%d0%b3%d0%b8\/","title":{"rendered":"\u0411\u0456\u0431\u043b\u0456\u043e\u0442\u0435\u0447\u043d\u0456 \u043a\u0430\u0442\u0430\u043b\u043e\u0433\u0438"},"content":{"rendered":"\n<h2 class=\"wp-block-heading\">Biblioteka Pedagogiczna w Ciechanowie<\/h2>\n\n\n\n<figure class=\"wp-block-image size-medium\"><a href=\"http:\/\/83.12.188.66\/integro\/catalog\" rel=\"nofollow\"><img loading=\"lazy\" decoding=\"async\" width=\"300\" height=\"95\" src=\"https:\/\/bpm.wrotamazowsza.pl\/wp-content\/uploads\/2022\/01\/INTEGRO-300x95.png\" alt=\"\" class=\"wp-image-3129\" srcset=\"https:\/\/bpm.wrotamazowsza.pl\/wp-content\/uploads\/2022\/01\/INTEGRO-300x95.png 300w, https:\/\/bpm.wrotamazowsza.pl\/wp-content\/uploads\/2022\/01\/INTEGRO-24x8.png 24w, https:\/\/bpm.wrotamazowsza.pl\/wp-content\/uploads\/2022\/01\/INTEGRO-36x11.png 36w, https:\/\/bpm.wrotamazowsza.pl\/wp-content\/uploads\/2022\/01\/INTEGRO-48x15.png 48w, https:\/\/bpm.wrotamazowsza.pl\/wp-content\/uploads\/2022\/01\/INTEGRO.png 754w\" sizes=\"auto, (max-width: 300px) 100vw, 300px\" \/><\/a><figcaption class=\"wp-element-caption\"><a href=\"http:\/\/83.12.188.66\/integro\/catalog\" target=\"_blank\" rel=\"noreferrer noopener nofollow\">Katalog Biblioteki Pedagogicznej w Ciechanowie<\/a><\/figcaption><\/figure>\n\n\n\n<h2 class=\"wp-block-heading\">Biblioteka Pedagogiczna w Ostro\u0142\u0119ce<\/h2>\n\n\n\n<figure class=\"wp-block-image size-medium\"><a href=\"http:\/\/opac.bp.ostroleka.pl\/catalog\" rel=\"nofollow noopener\"><img loading=\"lazy\" decoding=\"async\" width=\"300\" height=\"95\" src=\"https:\/\/bpm.wrotamazowsza.pl\/wp-content\/uploads\/2022\/01\/INTEGRO-300x95.png\" alt=\"\" class=\"wp-image-3129\" srcset=\"https:\/\/bpm.wrotamazowsza.pl\/wp-content\/uploads\/2022\/01\/INTEGRO-300x95.png 300w, https:\/\/bpm.wrotamazowsza.pl\/wp-content\/uploads\/2022\/01\/INTEGRO-24x8.png 24w, https:\/\/bpm.wrotamazowsza.pl\/wp-content\/uploads\/2022\/01\/INTEGRO-36x11.png 36w, https:\/\/bpm.wrotamazowsza.pl\/wp-content\/uploads\/2022\/01\/INTEGRO-48x15.png 48w, https:\/\/bpm.wrotamazowsza.pl\/wp-content\/uploads\/2022\/01\/INTEGRO.png 754w\" sizes=\"auto, (max-width: 300px) 100vw, 300px\" \/><\/a><figcaption class=\"wp-element-caption\"><a href=\"http:\/\/opac.bp.ostroleka.pl\/catalog\" rel=\"nofollow noopener\">Katalog Biblioteki Pedagogicznej w Ostro\u0142\u0119ce<\/a><\/figcaption><\/figure>\n\n\n\n<h2 class=\"wp-block-heading\">Biblioteka Pedagogiczna w P\u0142ocku<\/h2>\n\n\n\n<figure class=\"wp-block-image size-medium\"><a href=\"https:\/\/opac.bpplock.pl\/\" rel=\"nofollow noopener\"><img loading=\"lazy\" decoding=\"async\" width=\"300\" height=\"95\" src=\"https:\/\/bpm.wrotamazowsza.pl\/wp-content\/uploads\/2022\/01\/INTEGRO-300x95.png\" alt=\"\" class=\"wp-image-3129\" srcset=\"https:\/\/bpm.wrotamazowsza.pl\/wp-content\/uploads\/2022\/01\/INTEGRO-300x95.png 300w, https:\/\/bpm.wrotamazowsza.pl\/wp-content\/uploads\/2022\/01\/INTEGRO-24x8.png 24w, https:\/\/bpm.wrotamazowsza.pl\/wp-content\/uploads\/2022\/01\/INTEGRO-36x11.png 36w, https:\/\/bpm.wrotamazowsza.pl\/wp-content\/uploads\/2022\/01\/INTEGRO-48x15.png 48w, https:\/\/bpm.wrotamazowsza.pl\/wp-content\/uploads\/2022\/01\/INTEGRO.png 754w\" sizes=\"auto, (max-width: 300px) 100vw, 300px\" \/><\/a><figcaption class=\"wp-element-caption\"><a href=\"https:\/\/opac.bpplock.pl\/\" rel=\"nofollow noopener\">Katalog Biblioteki Pedagogicznej w P\u0142ocku<\/a><\/figcaption><\/figure>\n\n\n\n<h2 class=\"wp-block-heading\">Biblioteka Pedagogiczna w Radomiu<\/h2>\n\n\n\n<figure class=\"wp-block-image size-medium\"><a href=\"https:\/\/katalog.bp.radom.pl\/integro\/\" rel=\"nofollow noopener\"><img loading=\"lazy\" decoding=\"async\" width=\"300\" height=\"95\" src=\"https:\/\/bpm.wrotamazowsza.pl\/wp-content\/uploads\/2022\/01\/INTEGRO-300x95.png\" alt=\"\" class=\"wp-image-3129\" srcset=\"https:\/\/bpm.wrotamazowsza.pl\/wp-content\/uploads\/2022\/01\/INTEGRO-300x95.png 300w, https:\/\/bpm.wrotamazowsza.pl\/wp-content\/uploads\/2022\/01\/INTEGRO-24x8.png 24w, https:\/\/bpm.wrotamazowsza.pl\/wp-content\/uploads\/2022\/01\/INTEGRO-36x11.png 36w, https:\/\/bpm.wrotamazowsza.pl\/wp-content\/uploads\/2022\/01\/INTEGRO-48x15.png 48w, https:\/\/bpm.wrotamazowsza.pl\/wp-content\/uploads\/2022\/01\/INTEGRO.png 754w\" sizes=\"auto, (max-width: 300px) 100vw, 300px\" \/><\/a><figcaption class=\"wp-element-caption\"><a href=\"https:\/\/katalog.bp.radom.pl\/integro\/\" rel=\"nofollow noopener\">Katalog Biblioteki Pedagogicznej w Radomiu<\/a><\/figcaption><\/figure>\n\n\n\n<h2 class=\"wp-block-heading\">Biblioteka Pedagogiczna im. Heleny Radli\u0144skiej w Siedlcach<\/h2>\n\n\n\n<figure class=\"wp-block-image size-medium\"><a href=\"https:\/\/katalog.bpsiedlce.pl\/\" rel=\"nofollow noopener\"><img loading=\"lazy\" decoding=\"async\" width=\"300\" height=\"95\" src=\"https:\/\/bpm.wrotamazowsza.pl\/wp-content\/uploads\/2022\/01\/INTEGRO-300x95.png\" alt=\"\" class=\"wp-image-3129\" srcset=\"https:\/\/bpm.wrotamazowsza.pl\/wp-content\/uploads\/2022\/01\/INTEGRO-300x95.png 300w, https:\/\/bpm.wrotamazowsza.pl\/wp-content\/uploads\/2022\/01\/INTEGRO-24x8.png 24w, https:\/\/bpm.wrotamazowsza.pl\/wp-content\/uploads\/2022\/01\/INTEGRO-36x11.png 36w, https:\/\/bpm.wrotamazowsza.pl\/wp-content\/uploads\/2022\/01\/INTEGRO-48x15.png 48w, https:\/\/bpm.wrotamazowsza.pl\/wp-content\/uploads\/2022\/01\/INTEGRO.png 754w\" sizes=\"auto, (max-width: 300px) 100vw, 300px\" \/><\/a><figcaption class=\"wp-element-caption\"><a href=\"https:\/\/katalog.bpsiedlce.pl\/\" rel=\"nofollow noopener\">Katalog Biblioteki Pedagogicznej im. Heleny Radli\u0144skiej w Siedlcach<\/a><\/figcaption><\/figure>\n\n\n\n<h2 class=\"wp-block-heading\">Pedagogiczna Biblioteka Wojew\u00f3dzka im. KEN w Warszawie<\/h2>\n\n\n\n<figure class=\"wp-block-image size-medium\"><a href=\"https:\/\/integro.pbw.waw.pl\/catalog\" rel=\"nofollow noopener\"><img loading=\"lazy\" decoding=\"async\" width=\"300\" height=\"95\" src=\"https:\/\/bpm.wrotamazowsza.pl\/wp-content\/uploads\/2022\/01\/INTEGRO-300x95.png\" alt=\"\" class=\"wp-image-3129\" srcset=\"https:\/\/bpm.wrotamazowsza.pl\/wp-content\/uploads\/2022\/01\/INTEGRO-300x95.png 300w, https:\/\/bpm.wrotamazowsza.pl\/wp-content\/uploads\/2022\/01\/INTEGRO-24x8.png 24w, https:\/\/bpm.wrotamazowsza.pl\/wp-content\/uploads\/2022\/01\/INTEGRO-36x11.png 36w, https:\/\/bpm.wrotamazowsza.pl\/wp-content\/uploads\/2022\/01\/INTEGRO-48x15.png 48w, https:\/\/bpm.wrotamazowsza.pl\/wp-content\/uploads\/2022\/01\/INTEGRO.png 754w\" sizes=\"auto, (max-width: 300px) 100vw, 300px\" \/><\/a><figcaption class=\"wp-element-caption\"><a href=\"https:\/\/integro.pbw.waw.pl\/catalog\" data-type=\"URL\" data-id=\"https:\/\/integro.pbw.waw.pl\/catalog\" rel=\"nofollow noopener\">Katalog Pedagogicznej Biblioteki Wojew\u00f3dzkiej im. KEN w Warszawie<\/a><\/figcaption><\/figure>\n","protected":false},"excerpt":{"rendered":"<p>Biblioteka Pedagogiczna w Ciechanowie Biblioteka Pedagogiczna w Ostro\u0142\u0119ce Biblioteka Pedagogiczna w P\u0142ocku Biblioteka Pedagogiczna w Radomiu Biblioteka Pedagogiczna im. Heleny Radli\u0144skiej w Siedlcach Pedagogiczna Biblioteka Wojew\u00f3dzka im. KEN w Warszawie<\/p>\n","protected":false},"author":12,"featured_media":0,"parent":0,"menu_order":0,"comment_status":"closed","ping_status":"closed","template":"","meta":{"_acf_changed":false,"_oasis_is_in_workflow":0,"_oasis_original":0,"inline_featured_image":false,"site-sidebar-layout":"default","site-content-layout":"default","ast-site-content-layout":"default","site-content-style":"default","site-sidebar-style":"default","ast-global-header-display":"","ast-banner-title-visibility":"","ast-main-header-display":"","ast-hfb-above-header-display":"","ast-hfb-below-header-display":"","ast-hfb-mobile-header-display":"","site-post-title":"","ast-breadcrumbs-content":"","ast-featured-img":"","footer-sml-layout":"","ast-disable-related-posts":"","theme-transparent-header-meta":"default","adv-header-id-meta":"","stick-header-meta":"","header-above-stick-meta":"","header-main-stick-meta":"","header-below-stick-meta":"","astra-migrate-meta-layouts":"set","ast-page-background-enabled":"default","ast-page-background-meta":{"desktop":{"background-color":"","background-image":"","background-repeat":"repeat","background-position":"center center","background-size":"auto","background-attachment":"scroll","background-type":"","background-media":"","overlay-type":"","overlay-color":"","overlay-opacity":"","overlay-gradient":""},"tablet":{"background-color":"","background-image":"","background-repeat":"repeat","background-position":"center center","background-size":"auto","background-attachment":"scroll","background-type":"","background-media":"","overlay-type":"","overlay-color":"","overlay-opacity":"","overlay-gradient":""},"mobile":{"background-color":"","background-image":"","background-repeat":"repeat","background-position":"center center","background-size":"auto","background-attachment":"scroll","background-type":"","background-media":"","overlay-type":"","overlay-color":"","overlay-opacity":"","overlay-gradient":""}},"ast-content-background-meta":{"desktop":{"background-color":"var(--ast-global-color-5)","background-image":"","background-repeat":"repeat","background-position":"center center","background-size":"auto","background-attachment":"scroll","background-type":"","background-media":"","overlay-type":"","overlay-color":"","overlay-opacity":"","overlay-gradient":""},"tablet":{"background-color":"var(--ast-global-color-5)","background-image":"","background-repeat":"repeat","background-position":"center center","background-size":"auto","background-attachment":"scroll","background-type":"","background-media":"","overlay-type":"","overlay-color":"","overlay-opacity":"","overlay-gradient":""},"mobile":{"background-color":"var(--ast-global-color-5)","background-image":"","background-repeat":"repeat","background-position":"center center","background-size":"auto","background-attachment":"scroll","background-type":"","background-media":"","overlay-type":"","overlay-color":"","overlay-opacity":"","overlay-gradient":""}},"_themeisle_gutenberg_block_has_review":false,"footnotes":""},"class_list":["post-7604","page","type-page","status-publish","hentry"],"acf":[],"featured_image_urls_v2":{"full":"","thumbnail":"","medium":"","medium_large":"","large":"","1536x1536":"","2048x2048":"","menu-24x24":"","menu-36x36":"","menu-48x48":""},"post_excerpt_stackable_v2":"<p>Biblioteka Pedagogiczna w Ciechanowie Katalog Biblioteki Pedagogicznej w Ciechanowie Biblioteka Pedagogiczna w Ostro\u0142\u0119ce Katalog Biblioteki Pedagogicznej w Ostro\u0142\u0119ce Biblioteka Pedagogiczna w P\u0142ocku Katalog Biblioteki Pedagogicznej w P\u0142ocku Biblioteka Pedagogiczna w Radomiu Katalog Biblioteki Pedagogicznej w Radomiu Biblioteka Pedagogiczna im. Heleny Radli\u0144skiej w Siedlcach Katalog Biblioteki Pedagogicznej im. Heleny Radli\u0144skiej w Siedlcach Pedagogiczna Biblioteka Wojew\u00f3dzka im. KEN w Warszawie Katalog Pedagogicznej Biblioteki Wojew\u00f3dzkiej im. KEN w Warszawie<\/p>\n","category_list_v2":"","author_info_v2":{"name":"ktadaszak","url":"https:\/\/bpm.wrotamazowsza.pl\/uk\/author\/ktadaszak\/"},"comments_num_v2":"0 \u043a\u043e\u043c\u0435\u043d\u0442\u0430\u0440\u0456\u0432","_links":{"self":[{"href":"https:\/\/bpm.wrotamazowsza.pl\/uk\/wp-json\/wp\/v2\/pages\/7604","targetHints":{"allow":["GET"]}}],"collection":[{"href":"https:\/\/bpm.wrotamazowsza.pl\/uk\/wp-json\/wp\/v2\/pages"}],"about":[{"href":"https:\/\/bpm.wrotamazowsza.pl\/uk\/wp-json\/wp\/v2\/types\/page"}],"author":[{"embeddable":true,"href":"https:\/\/bpm.wrotamazowsza.pl\/uk\/wp-json\/wp\/v2\/users\/12"}],"replies":[{"embeddable":true,"href":"https:\/\/bpm.wrotamazowsza.pl\/uk\/wp-json\/wp\/v2\/comments?post=7604"}],"version-history":[{"count":4,"href":"https:\/\/bpm.wrotamazowsza.pl\/uk\/wp-json\/wp\/v2\/pages\/7604\/revisions"}],"predecessor-version":[{"id":9400,"href":"https:\/\/bpm.wrotamazowsza.pl\/uk\/wp-json\/wp\/v2\/pages\/7604\/revisions\/9400"}],"wp:attachment":[{"href":"https:\/\/bpm.wrotamazowsza.pl\/uk\/wp-json\/wp\/v2\/media?parent=7604"}],"curies":[{"name":"wp","href":"https:\/\/api.w.org\/{rel}","templated":true}]}}

Бібліотечні каталоги

<h2 class="wp-block-heading">Biblioteka Pedagogiczna w Ciechanowie</h2>



<figure class="wp-block-image size-medium"><a href="http://83.12.188.66/integro/catalog" rel="nofollow"><img loading="lazy" decoding="async" width="300" height="95" src="https://bpm.wrotamazowsza.pl/wp-content/uploads/2022/01/INTEGRO-300x95.png" alt="" class="wp-image-3129" srcset="https://bpm.wrotamazowsza.pl/wp-content/uploads/2022/01/INTEGRO-300x95.png 300w, https://bpm.wrotamazowsza.pl/wp-content/uploads/2022/01/INTEGRO-24x8.png 24w, https://bpm.wrotamazowsza.pl/wp-content/uploads/2022/01/INTEGRO-36x11.png 36w, https://bpm.wrotamazowsza.pl/wp-content/uploads/2022/01/INTEGRO-48x15.png 48w, https://bpm.wrotamazowsza.pl/wp-content/uploads/2022/01/INTEGRO.png 754w" sizes="auto, (max-width: 300px) 100vw, 300px" /></a><figcaption class="wp-element-caption"><a href="http://83.12.188.66/integro/catalog" target="_blank" rel="noreferrer noopener nofollow">Katalog Biblioteki Pedagogicznej w Ciechanowie</a></figcaption></figure>



<h2 class="wp-block-heading">Biblioteka Pedagogiczna w Ostrołęce</h2>



<figure class="wp-block-image size-medium"><a href="http://opac.bp.ostroleka.pl/catalog" rel="nofollow noopener"><img loading="lazy" decoding="async" width="300" height="95" src="https://bpm.wrotamazowsza.pl/wp-content/uploads/2022/01/INTEGRO-300x95.png" alt="" class="wp-image-3129" srcset="https://bpm.wrotamazowsza.pl/wp-content/uploads/2022/01/INTEGRO-300x95.png 300w, https://bpm.wrotamazowsza.pl/wp-content/uploads/2022/01/INTEGRO-24x8.png 24w, https://bpm.wrotamazowsza.pl/wp-content/uploads/2022/01/INTEGRO-36x11.png 36w, https://bpm.wrotamazowsza.pl/wp-content/uploads/2022/01/INTEGRO-48x15.png 48w, https://bpm.wrotamazowsza.pl/wp-content/uploads/2022/01/INTEGRO.png 754w" sizes="auto, (max-width: 300px) 100vw, 300px" /></a><figcaption class="wp-element-caption"><a href="http://opac.bp.ostroleka.pl/catalog" rel="nofollow noopener">Katalog Biblioteki Pedagogicznej w Ostrołęce</a></figcaption></figure>



<h2 class="wp-block-heading">Biblioteka Pedagogiczna w Płocku</h2>



<figure class="wp-block-image size-medium"><a href="https://opac.bpplock.pl/" rel="nofollow noopener"><img loading="lazy" decoding="async" width="300" height="95" src="https://bpm.wrotamazowsza.pl/wp-content/uploads/2022/01/INTEGRO-300x95.png" alt="" class="wp-image-3129" srcset="https://bpm.wrotamazowsza.pl/wp-content/uploads/2022/01/INTEGRO-300x95.png 300w, https://bpm.wrotamazowsza.pl/wp-content/uploads/2022/01/INTEGRO-24x8.png 24w, https://bpm.wrotamazowsza.pl/wp-content/uploads/2022/01/INTEGRO-36x11.png 36w, https://bpm.wrotamazowsza.pl/wp-content/uploads/2022/01/INTEGRO-48x15.png 48w, https://bpm.wrotamazowsza.pl/wp-content/uploads/2022/01/INTEGRO.png 754w" sizes="auto, (max-width: 300px) 100vw, 300px" /></a><figcaption class="wp-element-caption"><a href="https://opac.bpplock.pl/" rel="nofollow noopener">Katalog Biblioteki Pedagogicznej w Płocku</a></figcaption></figure>



<h2 class="wp-block-heading">Biblioteka Pedagogiczna w Radomiu</h2>



<figure class="wp-block-image size-medium"><a href="https://katalog.bp.radom.pl/integro/" rel="nofollow noopener"><img loading="lazy" decoding="async" width="300" height="95" src="https://bpm.wrotamazowsza.pl/wp-content/uploads/2022/01/INTEGRO-300x95.png" alt="" class="wp-image-3129" srcset="https://bpm.wrotamazowsza.pl/wp-content/uploads/2022/01/INTEGRO-300x95.png 300w, https://bpm.wrotamazowsza.pl/wp-content/uploads/2022/01/INTEGRO-24x8.png 24w, https://bpm.wrotamazowsza.pl/wp-content/uploads/2022/01/INTEGRO-36x11.png 36w, https://bpm.wrotamazowsza.pl/wp-content/uploads/2022/01/INTEGRO-48x15.png 48w, https://bpm.wrotamazowsza.pl/wp-content/uploads/2022/01/INTEGRO.png 754w" sizes="auto, (max-width: 300px) 100vw, 300px" /></a><figcaption class="wp-element-caption"><a href="https://katalog.bp.radom.pl/integro/" rel="nofollow noopener">Katalog Biblioteki Pedagogicznej w Radomiu</a></figcaption></figure>



<h2 class="wp-block-heading">Biblioteka Pedagogiczna im. Heleny Radlińskiej w Siedlcach</h2>



<figure class="wp-block-image size-medium"><a href="https://katalog.bpsiedlce.pl/" rel="nofollow noopener"><img loading="lazy" decoding="async" width="300" height="95" src="https://bpm.wrotamazowsza.pl/wp-content/uploads/2022/01/INTEGRO-300x95.png" alt="" class="wp-image-3129" srcset="https://bpm.wrotamazowsza.pl/wp-content/uploads/2022/01/INTEGRO-300x95.png 300w, https://bpm.wrotamazowsza.pl/wp-content/uploads/2022/01/INTEGRO-24x8.png 24w, https://bpm.wrotamazowsza.pl/wp-content/uploads/2022/01/INTEGRO-36x11.png 36w, https://bpm.wrotamazowsza.pl/wp-content/uploads/2022/01/INTEGRO-48x15.png 48w, https://bpm.wrotamazowsza.pl/wp-content/uploads/2022/01/INTEGRO.png 754w" sizes="auto, (max-width: 300px) 100vw, 300px" /></a><figcaption class="wp-element-caption"><a href="https://katalog.bpsiedlce.pl/" rel="nofollow noopener">Katalog Biblioteki Pedagogicznej im. Heleny Radlińskiej w Siedlcach</a></figcaption></figure>



<h2 class="wp-block-heading">Pedagogiczna Biblioteka Wojewódzka im. KEN w Warszawie</h2>



<figure class="wp-block-image size-medium"><a href="https://integro.pbw.waw.pl/catalog" rel="nofollow noopener"><img loading="lazy" decoding="async" width="300" height="95" src="https://bpm.wrotamazowsza.pl/wp-content/uploads/2022/01/INTEGRO-300x95.png" alt="" class="wp-image-3129" srcset="https://bpm.wrotamazowsza.pl/wp-content/uploads/2022/01/INTEGRO-300x95.png 300w, https://bpm.wrotamazowsza.pl/wp-content/uploads/2022/01/INTEGRO-24x8.png 24w, https://bpm.wrotamazowsza.pl/wp-content/uploads/2022/01/INTEGRO-36x11.png 36w, https://bpm.wrotamazowsza.pl/wp-content/uploads/2022/01/INTEGRO-48x15.png 48w, https://bpm.wrotamazowsza.pl/wp-content/uploads/2022/01/INTEGRO.png 754w" sizes="auto, (max-width: 300px) 100vw, 300px" /></a><figcaption class="wp-element-caption"><a href="https://integro.pbw.waw.pl/catalog" data-type="URL" data-id="https://integro.pbw.waw.pl/catalog" rel="nofollow noopener">Katalog Pedagogicznej Biblioteki Wojewódzkiej im. KEN w Warszawie</a></figcaption></figure>

<p>Biblioteka Pedagogiczna w Ciechanowie Biblioteka Pedagogiczna w Ostrołęce Biblioteka Pedagogiczna w Płocku Biblioteka Pedagogiczna w Radomiu Biblioteka Pedagogiczna im. Heleny Radlińskiej w Siedlcach Pedagogiczna Biblioteka Wojewódzka im. KEN w Warszawie</p>

<p>Biblioteka Pedagogiczna w Ciechanowie Katalog Biblioteki Pedagogicznej w Ciechanowie Biblioteka Pedagogiczna w Ostrołęce Katalog Biblioteki Pedagogicznej w Ostrołęce Biblioteka Pedagogiczna w Płocku Katalog Biblioteki Pedagogicznej w Płocku Biblioteka Pedagogiczna w Radomiu Katalog Biblioteki Pedagogicznej w Radomiu Biblioteka Pedagogiczna im. Heleny Radlińskiej w Siedlcach Katalog Biblioteki Pedagogicznej im. Heleny Radlińskiej w Siedlcach Pedagogiczna Biblioteka Wojewódzka im. KEN w Warszawie Katalog Pedagogicznej Biblioteki Wojewódzkiej im. KEN w Warszawie</p>

0 коментарів
